{"id":1050,"date":"2021-04-28T12:48:37","date_gmt":"2021-04-28T10:48:37","guid":{"rendered":"https:\/\/acquafortisastrology.com\/web\/?page_id=1050"},"modified":"2021-12-09T13:08:23","modified_gmt":"2021-12-09T12:08:23","slug":"nuoviservizi","status":"publish","type":"page","link":"https:\/\/acquafortisastrology.com\/web\/it\/nuoviservizi\/","title":{"rendered":"nuoviServizi"},"content":{"rendered":"<div id=\"pl-1050\"  class=\"panel-layout\" ><div id=\"pg-1050-0\"  class=\"panel-grid panel-has-style\" ><div id=\"servizi\" class=\"panel-row-style panel-row-style-for-1050-0\" ><div id=\"pgc-1050-0-0\"  class=\"panel-grid-cell\" ><div id=\"panel-1050-0-0-0\" class=\"so-panel widget widget_siteorigin-panels-builder panel-first-child panel-last-child\" data-index=\"0\" ><div id=\"servizi\" class=\"panel-widget-style panel-widget-style-for-1050-0-0-0\" ><div id=\"pl-w61b1f1848730d\"  class=\"panel-layout\" ><div id=\"pg-w61b1f1848730d-0\"  class=\"panel-grid panel-no-style\" ><div id=\"pgc-w61b1f1848730d-0-0\"  class=\"panel-grid-cell panel-grid-cell-empty\" ><\/div><div id=\"pgc-w61b1f1848730d-0-1\"  class=\"panel-grid-cell panel-grid-cell-mobile-last\" ><div id=\"panel-w61b1f1848730d-0-1-0\" class=\"so-panel widget widget_sow-editor panel-first-child panel-last-child\" data-index=\"0\" ><div\n\t\t\t\n\t\t\tclass=\"so-widget-sow-editor so-widget-sow-editor-base\"\n\t\t\t\n\t\t>\n<div class=\"siteorigin-widget-tinymce textwidget\">\n\t<h2>Cosa \u00e8 l\u2019Astrologia Medica?<\/h2>\n<p>Detta in modo semplice l\u2019astrologia medica \u00e8 l\u2019utilizzo della astrologia per capire il livello di salute, ben-essere e malattia di una persona; come questi fattori possono procedere nel tempo e quali misure si possono intraprendere per aumentare il livello di vitalit\u00e0 della persona e ristabilire un equilibrio salutare.<br \/>\nL\u2019Astrologia medica \u00e8 la qualit\u00e0 del tempo e come essa interagisce con la nostra naturale frequenza. La nostra salute \u00e8 mantenuta da una costante e continua omeostasi. Il nostro corpo, preso come tutto noi stessi, corpo-anima-spirito, \u00e8 sempre in dialogo con quello che succede intorno a noi. Non c\u2019\u00e8 nessuna separazione fra l\u00e0 fuori e qui dentro.<\/p>\n<p>L\u2019Astrologia Medica \u00e8 l\u2019espressione biologica di quello che Hermes Trismegistus ha detto \u201cCome sopra, sotto, come dentro, fuori, come l\u2019universo, l\u2019anima..\u201d e fino al 1800 era parte fondamentale e integrante di tutti gli studi in medicina e farmacia in tutte le Universit\u00e0 Europee.<\/p>\n<h4>Come \u00e8 si fa?<\/h4>\n<p>Ci sono tre modi principali di fare astrologia medica a seconda della necessit\u00e0.<\/p>\n<ol style=\"list-style-type: decimal; padding-left: 20px;\">\n<li>L\u2019analisi del tema natale attraverso la teoria umorale.<br \/>\nSi analizza il tema natale (il quadro astrale al momento della nascita) attraverso la teoria dei quattro elementi della tradizione occidentale ermetica.<\/li>\n<li>Il quadro astrale quando la persona si sente male.<br \/>\nSi calcola il quadro astrale di quando una persona inizia a sentirsi male o quando la persona consulta l\u2019astrologo. Da questo quadro astrale, l\u2019evoluzione della malattia pu\u00f2 essere pronosticata e correzioni possono essere applicate cos\u00ec da riportare, ove possibile, l\u2019armonia nel corpo.<\/li>\n<li>Astrologia Oraria.<br \/>\nFormulare una domanda su un particolare problema fisico o su un trattamento a cui vi volete sottoporre.<\/li>\n<\/ol>\n<h4>Come possiamo lavorare insieme?<\/h4>\n<p>Di seguito sono esempi dei servizi che offro. Se siete indecisi o avete delle esigenze particolare, non esitate di contattarmi attraverso la contact form che trovate sul sito.<\/p>\n<p>&nbsp;<\/p>\n<p><a href=\"https:\/\/acquafortisastrology.com\/web\/contact\/\">CONTATTAMI<\/a><\/p>\n<p>&nbsp;<\/p>\n<\/div>\n<\/div><\/div><\/div><div id=\"pgc-w61b1f1848730d-0-2\"  class=\"panel-grid-cell panel-grid-cell-empty\" ><\/div><\/div><div id=\"pg-w61b1f1848730d-1\"  class=\"panel-grid panel-no-style\" ><div id=\"pgc-w61b1f1848730d-1-0\"  class=\"panel-grid-cell panel-grid-cell-empty\" ><\/div><div id=\"pgc-w61b1f1848730d-1-1\"  class=\"panel-grid-cell\" ><div id=\"panel-w61b1f1848730d-1-1-0\" class=\"so-panel widget widget_sow-editor panel-first-child panel-last-child\" data-index=\"1\" ><div\n\t\t\t\n\t\t\tclass=\"so-widget-sow-editor so-widget-sow-editor-base\"\n\t\t\t\n\t\t>\n<div class=\"siteorigin-widget-tinymce textwidget\">\n\t<h2>1. Domanda attraverso Astrologia Oraria<\/h2>\n<p>Questo \u00e8 il pi\u00f9 semplice e diretto dei miei servizi.<br \/>\nVi \u00e8 stato proposto un trattamento e prima di procedere volete essere certi che va bene per voi. Questa metodica, vi salva non solo da soldi sprecati ma anche di terapie ed annessi che possono farvi sentire peggio. Di seguito trovate degli esempi di domande che si possono chiedere.<\/p>\n<p><em>Questa dieta va bene per me in questo particolare momento della mia vita?<\/em><br \/>\n<em>Mi giova prendere questo particolare integratore in questo momento?<\/em><br \/>\n<em>Questo consulente X pu\u00f2 risolvere il mio problema?<\/em><br \/>\n<em>Questo tale vaccino \u00e8 benefico per me in questo momento?<\/em><br \/>\n<em>Mi hanno proposto questa chirurgia. Mi pu\u00f2 fare sentire meglio in questo momento della mia vita?<\/em><br \/>\n<em>Mi hanno proposto questo tipo di chemioterapia. Mi far\u00e0 bene in questo momento della mia vita?<\/em><br \/>\n<em>Il gatto sta male. Mi hanno proposto questo trattamento. Gli far\u00e0 bene in questo momento della sua vita?<\/em><br \/>\n<em>Il mio cane ha questo problema e mi hanno proposto questo tipo di chirurgia. Pu\u00f2 essere d\u2019aiuto al mio cane in questo momento della sua vita?<\/em><\/p>\n<p>La consulenza \u00e8 offerta attraverso e-mail. La procedura \u00e8 la seguente:<\/p>\n<ol>\n<li style=\"list-style-type: none;\">\n<ol style=\"list-style-type: lower-alpha; padding-left: 20px;\">\n<li>Pensate bene al vostro problema, poi scrivete i dettagli indispensabili e mandatemi la domanda.<\/li>\n<li>Il tema che ne esce mi dar\u00e0 una indicazione se posso rispondere al vostro quesito o no. Se si, vi mando la richiesta per il pagamento.<\/li>\n<li>Dopo che il pagamento \u00e8 stato recepito, la risposta insieme alla fattura fiscale, viene mandata attraverso e-mail, entro 3-4 giorni lavorativi.<\/li>\n<li>Cortesemente leggete bene i <a title=\"Contatti\" href=\"https:\/\/acquafortisastrology.com\/web\/it\/contatti\/\" target=\"_blank\" rel=\"noopener\">Termini e Condizioni<\/a>. Nel momento che mi mandate il pagamento state accettano tali condizioni. Nessuno rimborso \u00e8 disponibile.<\/li>\n<\/ol>\n<\/li>\n<\/ol>\n<p>&nbsp;<\/p>\n<p>Tenete bene in mente che vi dar\u00f2 una risposta schietta in formato scritto alla domanda che avete fatto. Non mi metter\u00f2 ad indagare sull\u2019origine umorale della malattia e come questa pu\u00f2 progredire nel tempo e che consigli olistici possono essere intrapresi per equilibrare il tutto. Se volte tale servizio, cortesemente date uno sguardo al servizio di Consulenza di Astrologia Medica Oraria.<\/p>\n<p><strong>Parcella 72 Euro<\/strong><\/p>\n<p>Include il tempo di preparazione, consulenza scritta e oneri fiscali.<\/p>\n<p>A causa dei tempi travagliati che stiamo percorrendo, ho deciso di introdurre una forma di pagamento progressivo. Per quanto possibile, vorrei che coloro che hanno bisogno dei miei servizi possano accedervi in un modo o nell'altro.<br \/>\nPer sapere di pi\u00f9, cliccate qui per <a href=\"https:\/\/bit.ly\/3dwIXlh\" target=\"_blank\" rel=\"noopener\">il dono del mio cuore a voi<\/a>.<\/p>\n<p><a href=\"https:\/\/acquafortisastrology.com\/web\/contact\/\">CONTATTAMI<\/a><\/p>\n<p>&nbsp;<\/p>\n<\/div>\n<\/div><\/div><\/div><div id=\"pgc-w61b1f1848730d-1-2\"  class=\"panel-grid-cell panel-grid-cell-mobile-last\" ><div id=\"panel-w61b1f1848730d-1-2-0\" class=\"so-panel widget widget_sow-editor panel-first-child panel-last-child\" data-index=\"2\" ><div\n\t\t\t\n\t\t\tclass=\"so-widget-sow-editor so-widget-sow-editor-base\"\n\t\t\t\n\t\t>\n<div class=\"siteorigin-widget-tinymce textwidget\">\n\t<h2>2. Consulenza di Astrologia Medica Oraria<\/h2>\n<p>Questa \u00e8 la consulenza consigliata quando avete un problema fisico, mentale o spiritual e volete in qualche modo migliorare la situazione attraverso tecniche naturali olistiche..<br \/>\nIl miglior modo di approcciare il problema \u00e8 fare una domanda oraria. Per esempio:<\/p>\n<p><em>Che posso fare per perdere peso in questo momento della mia vita?<\/em><br \/>\n<em>Soffro di infezioni ricorrenti agli occhi. C\u2019\u00e8 qualcosa che posso fare in questo momento?<\/em><br \/>\n<em>Ho un problema al ginocchio. C\u2019\u00e8 qualcosa che posso fare in questo momento per migliore la situazione?<\/em><br \/>\n<em>Mi sento sempre stanca. Posso fare qualcosa in questo momento per sentirmi meglio?<\/em><br \/>\n<em>Soffro di colon irritabile. C\u2019\u00e8 qualcosa che posso fare in questo momento che mi fa sentire meglio?<\/em><br \/>\n<em>Mi sveglio continuamente di notte. Posso fare qualcosa in questo momento per migliorare la qualit\u00e0 del mio sonno.<\/em><br \/>\n<em>Ho la pressione bassa. Posso fare qualcosa in questo momento per migliorare la situazione?<\/em><\/p>\n<p>La consulenza procede in questo modo:<\/p>\n<ol style=\"list-style-type: lower-alpha; padding-left: 20px;\">\n<li style=\"list-style-type: none;\">\n<ol style=\"list-style-type: lower-alpha; padding-left: 20px;\">\n<li>Pensate bene al vostro problema, poi scrivete i dettagli indispensabili e mandatemi il tutto attraverso email.<\/li>\n<li>Il tema che ne esce mi dar\u00e0 una indicazione se posso rispondere al vostro quesito o no. Se s\u00ec, vi mando la richiesta per il pagamento.<\/li>\n<li>Dopo che il pagamento \u00e8 stato recepito, analizzo la situazione attraverso la teoria umorale e cosa puoi essere fatto. Con la ricevuta fiscale riceverete un appuntamento online. Nella consulenza di un ora (che pu\u00f2 essere registrata se volete) discuteremo insieme quello che si pu\u00f2 fare per migliorare la situazione attraverso tecniche olistiche naturali.<\/li>\n<li>Cortesemente leggete bene i <a title=\"Contatti\" href=\"https:\/\/acquafortisastrology.com\/web\/it\/contatti\/\" target=\"_blank\" rel=\"noopener\">Termini e Condizioni<\/a> prima di procedere. Nel momento che mandate il pagamento, accettate questi Termini e Condizioni. Nessun rimborso \u00e8 disponibile.<\/li>\n<\/ol>\n<\/li>\n<\/ol>\n<p>&nbsp;<\/p>\n<p><strong>Parcella 252 Euro<\/strong><\/p>\n<p>Include il tempo di preparazione, consulenza e oneri fiscali.<\/p>\n<p>A causa dei tempi travagliati che stiamo percorrendo, ho deciso di introdurre una forma di pagamento progressivo. Per quanto possibile, vorrei che coloro che hanno bisogno dei miei servizi possano accedervi in un modo o nell'altro.<br \/>\nPer sapere di pi\u00f9, cliccate qui per <a href=\"https:\/\/bit.ly\/3dwIXlh\" target=\"_blank\" rel=\"noopener\">il dono del mio cuore a voi<\/a>.<\/p>\n<p><a href=\"https:\/\/acquafortisastrology.com\/web\/contact\/\">CONTATTAMI<\/a><\/p>\n<p>&nbsp;<\/p>\n<\/div>\n<\/div><\/div><\/div><div id=\"pgc-w61b1f1848730d-1-3\"  class=\"panel-grid-cell panel-grid-cell-empty\" ><\/div><\/div><div id=\"pg-w61b1f1848730d-2\"  class=\"panel-grid panel-no-style\" ><div id=\"pgc-w61b1f1848730d-2-0\"  class=\"panel-grid-cell panel-grid-cell-empty\" ><\/div><div id=\"pgc-w61b1f1848730d-2-1\"  class=\"panel-grid-cell\" ><div id=\"panel-w61b1f1848730d-2-1-0\" class=\"so-panel widget widget_sow-editor panel-first-child panel-last-child\" data-index=\"3\" ><div\n\t\t\t\n\t\t\tclass=\"so-widget-sow-editor so-widget-sow-editor-base\"\n\t\t\t\n\t\t>\n<div class=\"siteorigin-widget-tinymce textwidget\">\n\t<h2>3. Analisi Costituzionale del Tema Natale<\/h2>\n<p>In questa consulenza guarderemo insieme il vostro tema natale e lo analizzeremo attraverso la teoria umorale occidentale. Ogni uno di noi \u00e8 fatto di una particolare miscela di terra, acqua, aria e fuoco. \u00c8 il marchio unico e personalizzato che ad ognuno di noi alla nascita gli viene attribuito. Questo temperamento fondamentale non solo caratterizza la nostra psicologia e spiritualit\u00e0 ma anche il nostro corpo fisico e le nostre tendenze di andare incontro a certi tipi di sbilanciamenti nel progredire della nostra vita. Se le cose vengono lasciate allo stato brado, certi tipi di malattie hanno pi\u00f9 probabilit\u00e0 di emergere perch\u00e9, vivendo, l\u2019armonia \u00e8 difficile da mantenere. Immaginate un albero piccolo che sta crescendo e tende verso una parte. Se vi si pone rimedio dall\u2019inizio questa tendenza pu\u00f2 essere corretta o almeno molto attenuata.<\/p>\n<p>Insieme guarderemo il tuo assetto unico elementale e come restaurare l\u2019armonia ed il benessere attraverso suggerimenti naturali ed olistici.<br \/>\nPer questa consulenza ho bisogno della vostra data, luogo di nascita e orario il pi\u00f9 preciso possibile. L\u2019orario giusto \u00e8 di assoluta importanza per cui prima di procedere accertatevi dell\u2019accuratezza dei dati.<\/p>\n<p>Dopo che il pagamento \u00e8 stato recepito, analizzo la situazione attraverso la teoria umorale e cosa puoi essere fatto. Dopo, con la ricevuta fiscale riceverete un appuntamento online. Nella consulenza di un\u2019ora (che pu\u00f2 essere registrata se volete) discuteremo insieme quello che si pu\u00f2 fare attraverso tecniche olistiche naturali per migliorare il vostro bene-essere e vivere la vostra vita al massimo.<\/p>\n<p>Cortesemente leggete bene i <a title=\"Contatti\" href=\"https:\/\/acquafortisastrology.com\/web\/it\/contatti\/\" target=\"_blank\" rel=\"noopener\">Termini e Condizioni<\/a> prima di procedere. Nel momento che mandate il pagamento, accettate questi Termini e Condizioni. Nessun rimborso \u00e8 disponibile.<\/p>\n<p><strong>Parcella 252 Euro<\/strong><\/p>\n<p>Include il tempo di preparazione, consulenza e oneri fiscali.<\/p>\n<p>A causa dei tempi travagliati che stiamo percorrendo, ho deciso di introdurre una forma di pagamento progressivo. Per quanto possibile, vorrei che coloro che hanno bisogno dei miei servizi possano accedervi in un modo o nell'altro.<br \/>\nPer sapere di pi\u00f9, cliccate qui per <a href=\"https:\/\/bit.ly\/3dwIXlh\" target=\"_blank\" rel=\"noopener\">il dono del mio cuore a voi<\/a>.<\/p>\n<p>&nbsp;<\/p>\n<p><a href=\"https:\/\/acquafortisastrology.com\/web\/contact\/\">CONTATTAMI<\/a><\/p>\n<\/div>\n<\/div><\/div><\/div><div id=\"pgc-w61b1f1848730d-2-2\"  class=\"panel-grid-cell panel-grid-cell-mobile-last\" ><div id=\"panel-w61b1f1848730d-2-2-0\" class=\"so-panel widget widget_sow-editor panel-first-child panel-last-child\" data-index=\"4\" ><div\n\t\t\t\n\t\t\tclass=\"so-widget-sow-editor so-widget-sow-editor-base\"\n\t\t\t\n\t\t>\n<div class=\"siteorigin-widget-tinymce textwidget\">\n\t<h2>4. Aggiornamento Annuale Costituzionale<\/h2>\n<p>In questa consulenza guarderemo insieme come il tuo tema natale e come la tua costituzione si evolve nello spazio e il tempo. Ci sono periodi della vita che la qualit\u00e0 del tempo \u00e8 pi\u00f9 congeniale al nostro temperamento. In altri momenti la qualit\u00e0 del tempo pu\u00f2 remare contro il nostro naturale bilanciamento. In tali momenti stressanti mantenere per quanto possibile l\u2019armonia fra corpo, anima e spirito \u00e8 fondamentale e diminuisce la possibilit\u00e0 di malattie o almeno attenua la loro durata e severit\u00e0.<br \/>\nPer questa consulenza ho bisogno della vostra data, luogo di nascita e orario il pi\u00f9 preciso possibile. L\u2019orario giusto \u00e8 di assoluta importanza per cui prima di procedere accertatevi dell\u2019accuratezza dei dati.<\/p>\n<p>Questa consulenza \u00e8 meglio farla dopo che si \u00e8 fatta la Analisi Costituzionale del Tema Natale e prima di ogni vostro compleanno.<br \/>\nDopo che il pagamento \u00e8 stato recepito, analizzo la situazione attraverso la teoria umorale e cosa puoi essere fatto. Dopo, con la ricevuta fiscale, riceverete un appuntamento online. Nella consulenza di un\u2019ora (che pu\u00f2 essere registrata se volete) discuteremo insieme quello che si pu\u00f2 fare attraverso tecniche olistiche naturali per migliorare il vostro bene-essere e vivere il vostro anno nei migliori modi possibili.<\/p>\n<p>Cortesemente leggete bene i <a title=\"Contatti\" href=\"https:\/\/acquafortisastrology.com\/web\/it\/contatti\/\" target=\"_blank\" rel=\"noopener\">Termini e Condizioni<\/a> prima di procedere. Nel momento che mandate il pagamento, accettate questi Termini e Condizioni. Nessun rimborso \u00e8 disponibile.<\/p>\n<p><strong>Parcella 252 Euro<\/strong><\/p>\n<p>Include il tempo di preparazione, consulenza e oneri fiscali.<\/p>\n<p>A causa dei tempi travagliati che stiamo percorrendo, ho deciso di introdurre una forma di pagamento progressivo. Per quanto possibile, vorrei che coloro che hanno bisogno dei miei servizi possano accedervi in un modo o nell'altro.<br \/>\nPer sapere di pi\u00f9, cliccate qui per <a href=\"https:\/\/bit.ly\/3dwIXlh\" target=\"_blank\" rel=\"noopener\">il dono del mio cuore a voi<\/a>.<\/p>\n<p><a href=\"https:\/\/acquafortisastrology.com\/web\/contact\/\">CONTATTAMI<\/a><\/p>\n<\/div>\n<\/div><\/div><\/div><div id=\"pgc-w61b1f1848730d-2-3\"  class=\"panel-grid-cell panel-grid-cell-empty\" ><\/div><\/div><div id=\"pg-w61b1f1848730d-3\"  class=\"panel-grid panel-no-style\" ><div id=\"pgc-w61b1f1848730d-3-0\"  class=\"panel-grid-cell panel-grid-cell-empty\" ><\/div><div id=\"pgc-w61b1f1848730d-3-1\"  class=\"panel-grid-cell panel-grid-cell-empty panel-grid-cell-mobile-last\" ><\/div><div id=\"pgc-w61b1f1848730d-3-2\"  class=\"panel-grid-cell panel-grid-cell-empty\" ><\/div><\/div><div id=\"pg-w61b1f1848730d-4\"  class=\"panel-grid panel-no-style\" ><div id=\"pgc-w61b1f1848730d-4-0\"  class=\"panel-grid-cell panel-grid-cell-empty\" ><\/div><div id=\"pgc-w61b1f1848730d-4-1\"  class=\"panel-grid-cell panel-grid-cell-empty panel-grid-cell-mobile-last\" ><\/div><div id=\"pgc-w61b1f1848730d-4-2\"  class=\"panel-grid-cell panel-grid-cell-empty\" ><\/div><\/div><\/div><\/div><\/div><\/div><\/div><\/div><\/div>","protected":false},"excerpt":{"rendered":"<p>Cosa \u00e8 l\u2019Astrologia Medica? Detta in modo semplice l\u2019astrologia medica \u00e8 l\u2019utilizzo della astrologia per capire il livello di salute, ben-essere e malattia di una persona; come questi fattori possono procedere nel tempo e quali misure si possono intraprendere per aumentare il livello di vitalit\u00e0 della persona e ristabilire un equilibrio salutare. L\u2019Astrologia medica \u00e8 &#8230; <a title=\"nuoviServizi\" class=\"read-more\" href=\"https:\/\/acquafortisastrology.com\/web\/it\/nuoviservizi\/\" aria-label=\"Per saperne di pi\u00f9 su nuoviServizi\">Leggi tutto<\/a><\/p>\n","protected":false},"author":1,"featured_media":0,"parent":0,"menu_order":0,"comment_status":"closed","ping_status":"closed","template":"","meta":{"footnotes":""},"class_list":["post-1050","page","type-page","status-publish"],"aioseo_notices":[],"_links":{"self":[{"href":"https:\/\/acquafortisastrology.com\/web\/wp-json\/wp\/v2\/pages\/1050","targetHints":{"allow":["GET"]}}],"collection":[{"href":"https:\/\/acquafortisastrology.com\/web\/wp-json\/wp\/v2\/pages"}],"about":[{"href":"https:\/\/acquafortisastrology.com\/web\/wp-json\/wp\/v2\/types\/page"}],"author":[{"embeddable":true,"href":"https:\/\/acquafortisastrology.com\/web\/wp-json\/wp\/v2\/users\/1"}],"replies":[{"embeddable":true,"href":"https:\/\/acquafortisastrology.com\/web\/wp-json\/wp\/v2\/comments?post=1050"}],"version-history":[{"count":36,"href":"https:\/\/acquafortisastrology.com\/web\/wp-json\/wp\/v2\/pages\/1050\/revisions"}],"predecessor-version":[{"id":1449,"href":"https:\/\/acquafortisastrology.com\/web\/wp-json\/wp\/v2\/pages\/1050\/revisions\/1449"}],"wp:attachment":[{"href":"https:\/\/acquafortisastrology.com\/web\/wp-json\/wp\/v2\/media?parent=1050"}],"curies":[{"name":"wp","href":"https:\/\/api.w.org\/{rel}","templated":true}]}}